{"id":49,"date":"2014-11-02T18:18:09","date_gmt":"2014-11-02T16:18:09","guid":{"rendered":"http:\/\/web44.wwwsrv03.t3-network.de\/?page_id=49"},"modified":"2026-03-10T21:33:32","modified_gmt":"2026-03-10T19:33:32","slug":"impressum","status":"publish","type":"page","link":"https:\/\/www.grundschule-zabeltitz.de\/?page_id=49","title":{"rendered":"Impressum"},"content":{"rendered":"<h2>Grundschule Zabeltitz<\/h2>\n<ul class=\"kontaktliste\">\n<li style=\"list-style-type: none;\">\n<ul class=\"kontaktliste\">\n<li><b>Postanschrift:<\/b><br \/>\nUnter den Linden&nbsp;11<br \/>\n01561&nbsp;Gro\u00dfenhain&nbsp;OT&nbsp;Zabeltitz<br \/>\n<a title=\"Standort in der Karte Gro\u00dfenhain\" href=\"https:\/\/www.google.de\/maps\/place\/Unter+den+Linden+11,+01561+Gro%C3%9Fenhain\/@51.35213,13.49915,17z\/data=!3m1!4b1!4m2!3m1!1s0x47a786e1f47ab9e3:0xfa17a87e105830d6?hl=de\" target=\"_blank\" rel=\"noopener noreferrer\">zur Karte<\/a><br \/>\n<a title=\"Link zur Fahrplanauskunft\" href=\"http:\/\/www.vvo-online.de\/de\/fahrplan\/verbindungsauskunft\/index.aspx?type=ziel&amp;poi=1860\" target=\"_blank\" rel=\"noopener noreferrer\">Fahrplanauskunft<\/a><\/li>\n<li><b>E-Mail:<\/b><br \/>\nkontakt@grundschule-zabeltitz.de<\/li>\n<\/ul>\n<\/li>\n<\/ul>\n<ul class=\"kontaktliste\">\n<li style=\"list-style-type: none;\">\n<ul class=\"kontaktliste\">\n<li><b>Telefon:<\/b><br \/>\n03522\/310921<\/li>\n<li><b>Fax:<\/b><br \/>\n03522\/522056<\/li>\n<li><b>Rechtsstellung:<\/b><br \/>\n\u00d6ffentliche Einrichtung<\/li>\n<\/ul>\n<\/li>\n<\/ul>\n<ul class=\"kontaktliste\">\n<li style=\"list-style-type: none;\">\n<ul class=\"kontaktliste\">\n<li><b>Einrichtungsart:<\/b><br \/>\nAllgemeinbildende Schule, Grundschule<\/li>\n<li><b>Schultr\u00e4ger:<\/b><br \/>\n<a href=\"https:\/\/schuldatenbank.sachsen.de\/index.php?id=423&amp;k_tid=402&amp;PHPSESSID=phbnv70bb9l12qm6ciack7ord3\" target=\"_blank\" rel=\"noopener noreferrer\">Stadtverwaltung Gro\u00dfenhain<\/a><\/li>\n<li><b>Schulaufsicht:<\/b><br \/>\nLandesamt f\u00fcr Schule und Bildung&nbsp;<br \/>\nStandort Dresden (LaSub, STOD)<\/li>\n<\/ul>\n<\/li>\n<\/ul>\n<h3>Urheberrecht in Bezug auf den Internetauftritt der Schule<\/h3>\n<p>Soweit nicht anders angegeben, liegen alle Rechte bei der<strong> Grundschule Zabeltitz<\/strong>.<\/p>\n<h3>Datenschutz<\/h3>\n<p>Die gegebenenfalls auf den Internetseiten der Schule erhobenen personenbezogenen Daten von Internetnutzern (z.B. im Zusammenhang mit der An- und Abmeldung eines Newsletter) werden nur f\u00fcr den angegebenen Zweck verwendet. Im \u00dcbrigen gelten die einschl\u00e4gigen Vorschriften des Datenschutzes.<\/p>\n<p>Durch den Besuch unserer Website k\u00f6nnen Informationen \u00fcber den Zugriff (Datum, Uhrzeit, betrachtete Seite) gespeichert werden. Diese Daten geh\u00f6ren <strong>nicht zu den personenbezogenen Daten<\/strong>, sondern sind anonymisiert. Sie werden ausschlie\u00dflich zu statistischen Zwecken ausgewertet. Eine Weitergabe an Dritte, zu kommerziellen oder nichtkommerziellen Zwecken, findet nicht statt. Zudem dient die Speicherung dieser Daten zur pr\u00e4ventiven Vorbeugung m\u00f6glicher Straftaten. Der Anbieter weist ausdr\u00fccklich darauf hin, dass die Daten\u00fcbertragung im Internet (z.B. bei der Kommunikation per E-Mail) Sicherheitsl\u00fccken aufweisen und nicht l\u00fcckenlos vor dem Zugriff durch Dritte gesch\u00fctzt werden kann.<\/p>\n<p>Die Verwendung der Kontaktdaten des Impressums zur gewerblichen Werbung ist ausdr\u00fccklich nicht erw\u00fcnscht, es sei denn der Betreiber hatte zuvor seine schriftliche Einwilligung erteilt oder es besteht bereits eine Gesch\u00e4ftsbeziehung. Der Betreiber und alle auf dieser Website genannten Personen widersprechen hiermit jeder kommerziellen Verwendung und Weitergabe ihrer Daten.<\/p>\n<h3>Haftungsausschluss<\/h3>\n<p>Die ver\u00f6ffentlichten Links wurden mit gr\u00f6\u00dftm\u00f6glicher Sorgfalt recherchiert und zusammengestellt.<br \/>\nDie Schule hat bei der erstmaligen Verkn\u00fcpfung den fremden Inhalt daraufhin \u00fcberpr\u00fcft, ob durch ihn eine m\u00f6gliche zivilrechtliche oder strafrechtliche Verantwortlichkeit ausgel\u00f6st wird. Nicht ausgeschlossen werden kann, dass die fremden Inhalte danach weiterentwickelt worden sind, so dass eine neue Verantwortlichkeit begr\u00fcndet wird.<br \/>\nF\u00fcr illegale, fehlerhafte, \u00fcberholte oder unvollst\u00e4ndige Inhalte sowie f\u00fcr Sch\u00e4den, die durch Nutzung oder Nichtnutzung der Informationen entstehen, haftet allein der Anbieter der fremden Webseiten. Die Schule \u00fcbernimmt keinerlei Haftung und Gew\u00e4hrleistung. Dies betrifft auch eventuelle wirtschaftliche Folgen, die durch Ver\u00f6ffentlichung dieser Seiten entstehen k\u00f6nnen.<\/p>\n<p>Webmaster: <a href=\"mailto:kontakt@theo-klems.de\" target=\"_blank\" rel=\"noopener\">Theo Klems <\/a>&nbsp;Webredaktion: Annette Grimm<\/p>\n","protected":false},"excerpt":{"rendered":"<p>Grundschule Zabeltitz Postanschrift: Unter den Linden&nbsp;11 01561&nbsp;Gro\u00dfenhain&nbsp;OT&nbsp;Zabeltitz zur Karte Fahrplanauskunft E-Mail: kontakt@grundschule-zabeltitz.de Telefon: 03522\/310921 Fax: 03522\/522056 Rechtsstellung: \u00d6ffentliche Einrichtung Einrichtungsart: Allgemeinbildende Schule, Grundschule Schultr\u00e4ger: Stadtverwaltung Gro\u00dfenhain Schulaufsicht: Landesamt f\u00fcr Schule und Bildung&nbsp; Standort Dresden (LaSub, STOD) Urheberrecht in Bezug auf den Internetauftritt der Schule Soweit nicht anders angegeben, liegen alle Rechte bei der Grundschule Zabeltitz. [&hellip;]<\/p>\n","protected":false},"author":1,"featured_media":1637,"parent":0,"menu_order":0,"comment_status":"closed","ping_status":"closed","template":"","meta":{"ngg_post_thumbnail":0,"footnotes":""},"class_list":["post-49","page","type-page","status-publish","has-post-thumbnail","hentry"],"_links":{"self":[{"href":"https:\/\/www.grundschule-zabeltitz.de\/index.php?rest_route=\/wp\/v2\/pages\/49","targetHints":{"allow":["GET"]}}],"collection":[{"href":"https:\/\/www.grundschule-zabeltitz.de\/index.php?rest_route=\/wp\/v2\/pages"}],"about":[{"href":"https:\/\/www.grundschule-zabeltitz.de\/index.php?rest_route=\/wp\/v2\/types\/page"}],"author":[{"embeddable":true,"href":"https:\/\/www.grundschule-zabeltitz.de\/index.php?rest_route=\/wp\/v2\/users\/1"}],"replies":[{"embeddable":true,"href":"https:\/\/www.grundschule-zabeltitz.de\/index.php?rest_route=%2Fwp%2Fv2%2Fcomments&post=49"}],"version-history":[{"count":36,"href":"https:\/\/www.grundschule-zabeltitz.de\/index.php?rest_route=\/wp\/v2\/pages\/49\/revisions"}],"predecessor-version":[{"id":2238,"href":"https:\/\/www.grundschule-zabeltitz.de\/index.php?rest_route=\/wp\/v2\/pages\/49\/revisions\/2238"}],"wp:featuredmedia":[{"embeddable":true,"href":"https:\/\/www.grundschule-zabeltitz.de\/index.php?rest_route=\/wp\/v2\/media\/1637"}],"wp:attachment":[{"href":"https:\/\/www.grundschule-zabeltitz.de\/index.php?rest_route=%2Fwp%2Fv2%2Fmedia&parent=49"}],"curies":[{"name":"wp","href":"https:\/\/api.w.org\/{rel}","templated":true}]}}

<h2>Grundschule Zabeltitz</h2>
<ul class="kontaktliste">
<li style="list-style-type: none;">
<ul class="kontaktliste">
<li><b>Postanschrift:</b><br />
Unter den Linden&nbsp;11<br />
01561&nbsp;Großenhain&nbsp;OT&nbsp;Zabeltitz<br />
<a title="Standort in der Karte Großenhain" href="https://www.google.de/maps/place/Unter+den+Linden+11,+01561+Gro%C3%9Fenhain/@51.35213,13.49915,17z/data=!3m1!4b1!4m2!3m1!1s0x47a786e1f47ab9e3:0xfa17a87e105830d6?hl=de" target="_blank" rel="noopener noreferrer">zur Karte</a><br />
<a title="Link zur Fahrplanauskunft" href="http://www.vvo-online.de/de/fahrplan/verbindungsauskunft/index.aspx?type=ziel&amp;poi=1860" target="_blank" rel="noopener noreferrer">Fahrplanauskunft</a></li>
<li><b>E-Mail:</b><br />
kontakt@grundschule-zabeltitz.de</li>
</ul>
</li>
</ul>
<ul class="kontaktliste">
<li style="list-style-type: none;">
<ul class="kontaktliste">
<li><b>Telefon:</b><br />
03522/310921</li>
<li><b>Fax:</b><br />
03522/522056</li>
<li><b>Rechtsstellung:</b><br />
Öffentliche Einrichtung</li>
</ul>
</li>
</ul>
<ul class="kontaktliste">
<li style="list-style-type: none;">
<ul class="kontaktliste">
<li><b>Einrichtungsart:</b><br />
Allgemeinbildende Schule, Grundschule</li>
<li><b>Schulträger:</b><br />
<a href="https://schuldatenbank.sachsen.de/index.php?id=423&amp;k_tid=402&amp;PHPSESSID=phbnv70bb9l12qm6ciack7ord3" target="_blank" rel="noopener noreferrer">Stadtverwaltung Großenhain</a></li>
<li><b>Schulaufsicht:</b><br />
Landesamt für Schule und Bildung&nbsp;<br />
Standort Dresden (LaSub, STOD)</li>
</ul>
</li>
</ul>
<h3>Urheberrecht in Bezug auf den Internetauftritt der Schule</h3>
<p>Soweit nicht anders angegeben, liegen alle Rechte bei der<strong> Grundschule Zabeltitz</strong>.</p>
<h3>Datenschutz</h3>
<p>Die gegebenenfalls auf den Internetseiten der Schule erhobenen personenbezogenen Daten von Internetnutzern (z.B. im Zusammenhang mit der An- und Abmeldung eines Newsletter) werden nur für den angegebenen Zweck verwendet. Im Übrigen gelten die einschlägigen Vorschriften des Datenschutzes.</p>
<p>Durch den Besuch unserer Website können Informationen über den Zugriff (Datum, Uhrzeit, betrachtete Seite) gespeichert werden. Diese Daten gehören <strong>nicht zu den personenbezogenen Daten</strong>, sondern sind anonymisiert. Sie werden ausschließlich zu statistischen Zwecken ausgewertet. Eine Weitergabe an Dritte, zu kommerziellen oder nichtkommerziellen Zwecken, findet nicht statt. Zudem dient die Speicherung dieser Daten zur präventiven Vorbeugung möglicher Straftaten. Der Anbieter weist ausdrücklich darauf hin, dass die Datenübertragung im Internet (z.B. bei der Kommunikation per E-Mail) Sicherheitslücken aufweisen und nicht lückenlos vor dem Zugriff durch Dritte geschützt werden kann.</p>
<p>Die Verwendung der Kontaktdaten des Impressums zur gewerblichen Werbung ist ausdrücklich nicht erwünscht, es sei denn der Betreiber hatte zuvor seine schriftliche Einwilligung erteilt oder es besteht bereits eine Geschäftsbeziehung. Der Betreiber und alle auf dieser Website genannten Personen widersprechen hiermit jeder kommerziellen Verwendung und Weitergabe ihrer Daten.</p>
<h3>Haftungsausschluss</h3>
<p>Die veröffentlichten Links wurden mit größtmöglicher Sorgfalt recherchiert und zusammengestellt.<br />
Die Schule hat bei der erstmaligen Verknüpfung den fremden Inhalt daraufhin überprüft, ob durch ihn eine mögliche zivilrechtliche oder strafrechtliche Verantwortlichkeit ausgelöst wird. Nicht ausgeschlossen werden kann, dass die fremden Inhalte danach weiterentwickelt worden sind, so dass eine neue Verantwortlichkeit begründet wird.<br />
Für illegale, fehlerhafte, überholte oder unvollständige Inhalte sowie für Schäden, die durch Nutzung oder Nichtnutzung der Informationen entstehen, haftet allein der Anbieter der fremden Webseiten. Die Schule übernimmt keinerlei Haftung und Gewährleistung. Dies betrifft auch eventuelle wirtschaftliche Folgen, die durch Veröffentlichung dieser Seiten entstehen können.</p>
<p>Webmaster: <a href="mailto:kontakt@theo-klems.de" target="_blank" rel="noopener">Theo Klems </a>&nbsp;Webredaktion: Annette Grimm</p>

<p>Grundschule Zabeltitz Postanschrift: Unter den Linden&nbsp;11 01561&nbsp;Großenhain&nbsp;OT&nbsp;Zabeltitz zur Karte Fahrplanauskunft E-Mail: kontakt@grundschule-zabeltitz.de Telefon: 03522/310921 Fax: 03522/522056 Rechtsstellung: Öffentliche Einrichtung Einrichtungsart: Allgemeinbildende Schule, Grundschule Schulträger: Stadtverwaltung Großenhain Schulaufsicht: Landesamt für Schule und Bildung&nbsp; Standort Dresden (LaSub, STOD) Urheberrecht in Bezug auf den Internetauftritt der Schule Soweit nicht anders angegeben, liegen alle Rechte bei der Grundschule Zabeltitz. [&hellip;]</p>
