{"id":20,"date":"2014-11-02T17:39:26","date_gmt":"2014-11-02T15:39:26","guid":{"rendered":"http:\/\/web44.wwwsrv03.t3-network.de\/?page_id=20"},"modified":"2024-03-03T14:51:22","modified_gmt":"2024-03-03T12:51:22","slug":"ganztagesangebote","status":"publish","type":"page","link":"https:\/\/www.grundschule-zabeltitz.de\/?page_id=20","title":{"rendered":"Ganztagesangebote"},"content":{"rendered":"<h5><strong><a href=\"https:\/\/www.sachsen.de\/\" target=\"_blank\" rel=\"noopener noreferrer\"><img loading=\"lazy\" decoding=\"async\" class=\"alignleft wp-image-1076\" src=\"https:\/\/www.grundschule-zabeltitz.de\/wp-content\/uploads\/wappen-sachsen.jpg\" alt=\"\" width=\"85\" height=\"95\"><\/a>Diese Ma\u00dfnahme wird mitfinanziert durch Steuermittel auf der Grundlage des von den Abgeordneten des S\u00e4chsischen Landtages beschlossenen Haushaltes.<\/strong><\/h5>\n<p>&nbsp;<\/p>\n<table class=\" alignleft\" style=\"height: 441px; width: 87.2561%;\">\n<thead>\n<tr style=\"border-color: #6dd136;\">\n<td style=\"width: 50.6073%; height: 38px;\">\n<h4><strong>GTA<\/strong><\/h4>\n<\/td>\n<td style=\"width: 22.7469%; height: 38px;\">\n<h4><strong>Wann?<\/strong><\/h4>\n<\/td>\n<td style=\"width: 106.025%; height: 38px; text-align: center;\">\n<h4><strong>F\u00fcr Klasse:<\/strong><\/h4>\n<\/td>\n<\/tr>\n<\/thead>\n<tbody>\n<tr style=\"height: 32px;\">\n<td style=\"width: 50.6073%; height: 32px;\"><strong>Montag<\/strong><\/td>\n<td style=\"width: 22.7469%; height: 32px;\">&nbsp;<\/td>\n<td style=\"width: 106.025%; text-align: center; height: 32px;\">&nbsp;<\/td>\n<\/tr>\n<tr style=\"height: 24px;\">\n<td style=\"width: 50.6073%; height: 24px;\">Lese- und Lesef\u00f6rderung (14-t\u00e4gig)<br>Termine: 26.02.\/11.03.\/25.03.\/15.04.\/29.04.<\/td>\n<td style=\"width: 22.7469%; height: 24px;\">14:15 &#8211; 15:45 Uhr<\/td>\n<td style=\"width: 106.025%; height: 24px; text-align: center;\">ab Kl. 1<\/td>\n<\/tr>\n<tr style=\"height: 24px;\">\n<td style=\"width: 50.6073%; height: 24px;\">Bibliothek Ausleihe, ohne Anmeldung<br>Termine: 04.03.\/22,94.\/13.95.<\/td>\n<td style=\"width: 22.7469%; height: 24px;\">14.15 &#8211; 15.00 Uhr<\/td>\n<td style=\"width: 106.025%; height: 24px; text-align: center;\">&nbsp;<\/td>\n<\/tr>\n<tr style=\"height: 32px;\">\n<td style=\"width: 50.6073%; height: 32px;\"><strong>Dienstag<\/strong><\/td>\n<td style=\"width: 22.7469%; height: 32px;\">&nbsp;<\/td>\n<td style=\"width: 106.025%; text-align: center; height: 32px;\">&nbsp;<\/td>\n<\/tr>\n<tr style=\"height: 24px;\">\n<td style=\"width: 50.6073%; height: 24px;\">Natur und Wald mit allen Sinnen erleben<\/td>\n<td style=\"width: 22.7469%; height: 24px;\">14.15 &#8211; 15.45 Uhr<\/td>\n<td style=\"width: 106.025%; height: 24px; text-align: center;\">ab Kl. 1<\/td>\n<\/tr>\n<tr style=\"height: 24px;\">\n<td style=\"width: 50.6073%; height: 24px;\">Kinderyoga, Beginn im 2. Schulhalbjahr<br>ab 19.03.<\/td>\n<td style=\"width: 22.7469%; height: 24px;\">14.30 &#8211; 15.15 Uhr<\/td>\n<td style=\"width: 106.025%; height: 24px; text-align: center;\">ab Kl. 1<\/td>\n<\/tr>\n<tr style=\"height: 32px;\">\n<td style=\"width: 50.6073%; height: 32px;\"><strong>Mittwoch<\/strong><\/td>\n<td style=\"width: 22.7469%; height: 32px;\">&nbsp;<\/td>\n<td style=\"width: 106.025%; text-align: center; height: 32px;\">&nbsp;<\/td>\n<\/tr>\n<tr style=\"height: 24px;\">\n<td style=\"width: 50.6073%; height: 24px;\">Landwirtschaft, bis 29.03.<\/td>\n<td style=\"width: 22.7469%; height: 24px;\">14.15 &#8211; 15.45 Uhr<\/td>\n<td style=\"width: 106.025%; height: 24px; text-align: center;\">ab Kl. 2<\/td>\n<\/tr>\n<tr style=\"height: 24px;\">\n<td style=\"width: 50.6073%; height: 24px;\">Spielmannszug (Melodie\/Fl\u00f6te)<\/td>\n<td style=\"width: 22.7469%; height: 24px;\">15.00 &#8211; 15.45 Uhr<\/td>\n<td style=\"width: 106.025%; height: 24px; text-align: center;\">ab Kl. 1<\/td>\n<\/tr>\n<tr>\n<td style=\"width: 50.6073%;\">Spielmannszug (Rhythmus\/Trommel)<br>Instrumente werden gestellt<\/td>\n<td style=\"width: 22.7469%;\">15:00 &#8211; 15:45 Uhr<\/td>\n<td style=\"width: 106.025%; text-align: center;\">ab Kl. 1<\/td>\n<\/tr>\n<\/tbody>\n<\/table>\n<p>&nbsp;<\/p>\n\n\n<p><\/p>\n\n\n","protected":false},"excerpt":{"rendered":"<p>Diese Ma\u00dfnahme wird mitfinanziert durch Steuermittel auf der Grundlage des von den Abgeordneten des S\u00e4chsischen Landtages beschlossenen Haushaltes. &nbsp; GTA Wann? F\u00fcr Klasse: Montag &nbsp; &nbsp; Lese- und Lesef\u00f6rderung (14-t\u00e4gig)Termine: 26.02.\/11.03.\/25.03.\/15.04.\/29.04. 14:15 &#8211; 15:45 Uhr ab Kl. 1 Bibliothek Ausleihe, ohne AnmeldungTermine: 04.03.\/22,94.\/13.95. 14.15 &#8211; 15.00 Uhr &nbsp; Dienstag &nbsp; &nbsp; Natur und Wald mit [&hellip;]<\/p>\n","protected":false},"author":1,"featured_media":30,"parent":0,"menu_order":0,"comment_status":"closed","ping_status":"closed","template":"page-full-width.php","meta":{"ngg_post_thumbnail":0,"footnotes":""},"class_list":["post-20","page","type-page","status-publish","has-post-thumbnail","hentry"],"_links":{"self":[{"href":"https:\/\/www.grundschule-zabeltitz.de\/index.php?rest_route=\/wp\/v2\/pages\/20","targetHints":{"allow":["GET"]}}],"collection":[{"href":"https:\/\/www.grundschule-zabeltitz.de\/index.php?rest_route=\/wp\/v2\/pages"}],"about":[{"href":"https:\/\/www.grundschule-zabeltitz.de\/index.php?rest_route=\/wp\/v2\/types\/page"}],"author":[{"embeddable":true,"href":"https:\/\/www.grundschule-zabeltitz.de\/index.php?rest_route=\/wp\/v2\/users\/1"}],"replies":[{"embeddable":true,"href":"https:\/\/www.grundschule-zabeltitz.de\/index.php?rest_route=%2Fwp%2Fv2%2Fcomments&post=20"}],"version-history":[{"count":72,"href":"https:\/\/www.grundschule-zabeltitz.de\/index.php?rest_route=\/wp\/v2\/pages\/20\/revisions"}],"predecessor-version":[{"id":2104,"href":"https:\/\/www.grundschule-zabeltitz.de\/index.php?rest_route=\/wp\/v2\/pages\/20\/revisions\/2104"}],"wp:featuredmedia":[{"embeddable":true,"href":"https:\/\/www.grundschule-zabeltitz.de\/index.php?rest_route=\/wp\/v2\/media\/30"}],"wp:attachment":[{"href":"https:\/\/www.grundschule-zabeltitz.de\/index.php?rest_route=%2Fwp%2Fv2%2Fmedia&parent=20"}],"curies":[{"name":"wp","href":"https:\/\/api.w.org\/{rel}","templated":true}]}}

<h5><strong><a href="https://www.sachsen.de/" target="_blank" rel="noopener noreferrer"><img loading="lazy" decoding="async" class="alignleft wp-image-1076" src="https://www.grundschule-zabeltitz.de/wp-content/uploads/wappen-sachsen.jpg" alt="" width="85" height="95"></a>Diese Maßnahme wird mitfinanziert durch Steuermittel auf der Grundlage des von den Abgeordneten des Sächsischen Landtages beschlossenen Haushaltes.</strong></h5>
<p>&nbsp;</p>
<table class=" alignleft" style="height: 441px; width: 87.2561%;">
<thead>
<tr style="border-color: #6dd136;">
<td style="width: 50.6073%; height: 38px;">
<h4><strong>GTA</strong></h4>
</td>
<td style="width: 22.7469%; height: 38px;">
<h4><strong>Wann?</strong></h4>
</td>
<td style="width: 106.025%; height: 38px; text-align: center;">
<h4><strong>Für Klasse:</strong></h4>
</td>
</tr>
</thead>
<tbody>
<tr style="height: 32px;">
<td style="width: 50.6073%; height: 32px;"><strong>Montag</strong></td>
<td style="width: 22.7469%; height: 32px;">&nbsp;</td>
<td style="width: 106.025%; text-align: center; height: 32px;">&nbsp;</td>
</tr>
<tr style="height: 24px;">
<td style="width: 50.6073%; height: 24px;">Lese- und Leseförderung (14-tägig)<br>Termine: 26.02./11.03./25.03./15.04./29.04.</td>
<td style="width: 22.7469%; height: 24px;">14:15 &#8211; 15:45 Uhr</td>
<td style="width: 106.025%; height: 24px; text-align: center;">ab Kl. 1</td>
</tr>
<tr style="height: 24px;">
<td style="width: 50.6073%; height: 24px;">Bibliothek Ausleihe, ohne Anmeldung<br>Termine: 04.03./22,94./13.95.</td>
<td style="width: 22.7469%; height: 24px;">14.15 &#8211; 15.00 Uhr</td>
<td style="width: 106.025%; height: 24px; text-align: center;">&nbsp;</td>
</tr>
<tr style="height: 32px;">
<td style="width: 50.6073%; height: 32px;"><strong>Dienstag</strong></td>
<td style="width: 22.7469%; height: 32px;">&nbsp;</td>
<td style="width: 106.025%; text-align: center; height: 32px;">&nbsp;</td>
</tr>
<tr style="height: 24px;">
<td style="width: 50.6073%; height: 24px;">Natur und Wald mit allen Sinnen erleben</td>
<td style="width: 22.7469%; height: 24px;">14.15 &#8211; 15.45 Uhr</td>
<td style="width: 106.025%; height: 24px; text-align: center;">ab Kl. 1</td>
</tr>
<tr style="height: 24px;">
<td style="width: 50.6073%; height: 24px;">Kinderyoga, Beginn im 2. Schulhalbjahr<br>ab 19.03.</td>
<td style="width: 22.7469%; height: 24px;">14.30 &#8211; 15.15 Uhr</td>
<td style="width: 106.025%; height: 24px; text-align: center;">ab Kl. 1</td>
</tr>
<tr style="height: 32px;">
<td style="width: 50.6073%; height: 32px;"><strong>Mittwoch</strong></td>
<td style="width: 22.7469%; height: 32px;">&nbsp;</td>
<td style="width: 106.025%; text-align: center; height: 32px;">&nbsp;</td>
</tr>
<tr style="height: 24px;">
<td style="width: 50.6073%; height: 24px;">Landwirtschaft, bis 29.03.</td>
<td style="width: 22.7469%; height: 24px;">14.15 &#8211; 15.45 Uhr</td>
<td style="width: 106.025%; height: 24px; text-align: center;">ab Kl. 2</td>
</tr>
<tr style="height: 24px;">
<td style="width: 50.6073%; height: 24px;">Spielmannszug (Melodie/Flöte)</td>
<td style="width: 22.7469%; height: 24px;">15.00 &#8211; 15.45 Uhr</td>
<td style="width: 106.025%; height: 24px; text-align: center;">ab Kl. 1</td>
</tr>
<tr>
<td style="width: 50.6073%;">Spielmannszug (Rhythmus/Trommel)<br>Instrumente werden gestellt</td>
<td style="width: 22.7469%;">15:00 &#8211; 15:45 Uhr</td>
<td style="width: 106.025%; text-align: center;">ab Kl. 1</td>
</tr>
</tbody>
</table>
<p>&nbsp;</p>


<p></p>

<p>Diese Maßnahme wird mitfinanziert durch Steuermittel auf der Grundlage des von den Abgeordneten des Sächsischen Landtages beschlossenen Haushaltes. &nbsp; GTA Wann? Für Klasse: Montag &nbsp; &nbsp; Lese- und Leseförderung (14-tägig)Termine: 26.02./11.03./25.03./15.04./29.04. 14:15 &#8211; 15:45 Uhr ab Kl. 1 Bibliothek Ausleihe, ohne AnmeldungTermine: 04.03./22,94./13.95. 14.15 &#8211; 15.00 Uhr &nbsp; Dienstag &nbsp; &nbsp; Natur und Wald mit [&hellip;]</p>
